{"id":1057,"date":"2013-09-30T20:38:36","date_gmt":"2013-09-30T17:38:36","guid":{"rendered":"http:\/\/www.manssi.net\/?page_id=1057"},"modified":"2020-02-04T14:23:20","modified_gmt":"2020-02-04T11:23:20","slug":"hannula-renholms-cup","status":"publish","type":"page","link":"https:\/\/www.manssi.net\/wordpress\/kilpailut\/hannula-renholms-cup\/","title":{"rendered":"Hannula Renholms Cup"},"content":{"rendered":"<p>Jaettavaksi jokavuotisen Terri-Erin ryhm\u00e4n\u00e4yttelyss\u00e4 nuortenluokan parhaalle manchesterinterrieriurokselle.<\/p>\n<p>Palkinto on kiertopalkinto ja voittajan omistaja on velvollinen huolehtimaan siit\u00e4, ett\u00e4 palkinto on jaettavissa seuraavankin vuoden n\u00e4yttelyss\u00e4.<\/p>\n<p>Sarvisalossa, elokuun 22. p\u00e4iv\u00e4n\u00e4 2013<\/p>\n<p>Kristiina Paul, Kennel Hannula Renholms<\/p>\n","protected":false},"excerpt":{"rendered":"<p>Jaettavaksi jokavuotisen Terri-Erin ryhm\u00e4n\u00e4yttelyss\u00e4 nuortenluokan parhaalle manchesterinterrieriurokselle. Palkinto on kiertopalkinto ja voittajan omistaja on velvollinen huolehtimaan siit\u00e4, ett\u00e4 palkinto on jaettavissa seuraavankin vuoden n\u00e4yttelyss\u00e4. Sarvisalossa, elokuun 22. p\u00e4iv\u00e4n\u00e4 2013 Kristiina Paul, Kennel Hannula Renholms<\/p>\n","protected":false},"author":9,"featured_media":0,"parent":953,"menu_order":0,"comment_status":"closed","ping_status":"closed","template":"","meta":[],"_links":{"self":[{"href":"https:\/\/www.manssi.net\/wordpress\/wp-json\/wp\/v2\/pages\/1057"}],"collection":[{"href":"https:\/\/www.manssi.net\/wordpress\/wp-json\/wp\/v2\/pages"}],"about":[{"href":"https:\/\/www.manssi.net\/wordpress\/wp-json\/wp\/v2\/types\/page"}],"author":[{"embeddable":true,"href":"https:\/\/www.manssi.net\/wordpress\/wp-json\/wp\/v2\/users\/9"}],"replies":[{"embeddable":true,"href":"https:\/\/www.manssi.net\/wordpress\/wp-json\/wp\/v2\/comments?post=1057"}],"version-history":[{"count":3,"href":"https:\/\/www.manssi.net\/wordpress\/wp-json\/wp\/v2\/pages\/1057\/revisions"}],"predecessor-version":[{"id":3152,"href":"https:\/\/www.manssi.net\/wordpress\/wp-json\/wp\/v2\/pages\/1057\/revisions\/3152"}],"up":[{"embeddable":true,"href":"https:\/\/www.manssi.net\/wordpress\/wp-json\/wp\/v2\/pages\/953"}],"wp:attachment":[{"href":"https:\/\/www.manssi.net\/wordpress\/wp-json\/wp\/v2\/media?parent=1057"}],"curies":[{"name":"wp","href":"https:\/\/api.w.org\/{rel}","templated":true}]}}