{"id":1178,"date":"2014-02-13T21:34:13","date_gmt":"2014-02-13T18:34:13","guid":{"rendered":"http:\/\/www.manssi.net\/?page_id=1178"},"modified":"2026-04-20T20:41:49","modified_gmt":"2026-04-20T17:41:49","slug":"saannot-2014-alkaen","status":"publish","type":"page","link":"https:\/\/www.manssi.net\/wordpress\/saannot-2014-alkaen\/","title":{"rendered":"S\u00e4\u00e4nn\u00f6t"},"content":{"rendered":"<p><strong>Suomen Manchesterinterrierit ry s\u00e4\u00e4nn\u00f6t<\/strong><\/p>\n<p><strong>1. Yhdistyksen nimi ja kotipaikka<\/strong><\/p>\n<p>Yhdistyksen nimi on Suomen Manchesterinterrierit ry ja sen kotipaikka on Jyv\u00e4skyl\u00e4 ja toimintakieli suomi.<\/p>\n<p><strong>2. Tarkoitus ja toiminnan laatu<\/strong><\/p>\n<p>Yhdistyksen tarkoituksena on Suomen Kennelliitto ry:n, Suomen Terrierij\u00e4rjest\u00f6 ry:n ja<br \/>\nKeski-Suomen Kennelpiiri ry:n j\u00e4senyhdistyksen\u00e4 edist\u00e4\u00e4 manchesterinterrierien<br \/>\nkasvatusta, jalostusta ja k\u00e4ytt\u00f6\u00e4 sek\u00e4 toimia koiraharrastuksen edist\u00e4miseksi.<br \/>\nYhdistys toteuttaa tarkoitustaan:<br \/>\n&#8211; tekem\u00e4ll\u00e4 yhdistyksen toimialaan kuuluvaa valistusty\u00f6t\u00e4, harjoittamalla<br \/>\njulkaisutoimintaa ja j\u00e4rjest\u00e4m\u00e4ll\u00e4 keskustelu-, neuvonta- ja<br \/>\nkoulutustilaisuuksia, antamalla neuvoja ja opastusta j\u00e4senilleen sek\u00e4<br \/>\nj\u00e4rjest\u00e4m\u00e4ll\u00e4 koiran\u00e4yttelyit\u00e4 ja kokeita<br \/>\n&#8211; harjoittamalla jalostustoimintaa<br \/>\n&#8211; levitt\u00e4m\u00e4ll\u00e4 tietoa kenneltoiminnan merkityksest\u00e4 sek\u00e4 asianharrastajien<br \/>\nett\u00e4 yleis\u00f6n keskuudessa<br \/>\n&#8211; seuraamalla kenneltoimintaa koti- ja ulkomailla ja tekem\u00e4ll\u00e4 aloitteita alan<br \/>\nkehitt\u00e4miseksi harjoittamalla yhteistoimintaa koti- ja ulkomailla olevien<br \/>\nkeskusj\u00e4rjest\u00f6jen ja kennelyhdistysten kanssa.<\/p>\n<p>&#8211; Yhdistys voi liitty\u00e4 tarkoitusperi\u00e4\u00e4n tukeviin yhdistyksiin.<br \/>\nToimintansa tukemiseksi yhdistys voi, hankittuaan tarvittavan asianmukaisen luvan<br \/>\n&#8211; ottaa vastaan avustuksia, lahjoituksia ja testamentteja<br \/>\n&#8211; j\u00e4rjest\u00e4\u00e4 ker\u00e4yksi\u00e4 ja arpajaisia<br \/>\n&#8211; omistaa toimintaansa varten tarpeellista irtainta omaisuutta.<\/p>\n<p><strong>3. J\u00e4senet<\/strong><\/p>\n<p>Yhdistyksen j\u00e4seneksi voi liitty\u00e4 jokainen, joka hyv\u00e4ksyy yhdistyksen tarkoituksen ja<br \/>\ns\u00e4\u00e4nn\u00f6t.<\/p>\n<p>J\u00e4senet ovat vuosi-, nuoriso- (alle 15 vuotta), perhe- (yli 15 vuotta, vuosij\u00e4senen kanssa<br \/>\nsama talous), kannatus- sek\u00e4 kunnia- ja tuomarij\u00e4seni\u00e4.<br \/>\nNuoriso- ja kannatusj\u00e4senell\u00e4 ei ole \u00e4\u00e4nioikeutta. Kunnia- ja tuomarij\u00e4sen valitaan<br \/>\nhallituksen yksimielisen ehdotuksen perusteella yhdistyksen vuosikokouksessa.<br \/>\nKunniaj\u00e4senell\u00e4 on samat oikeudet kuin vuosij\u00e4senell\u00e4. Tuomarij\u00e4senell\u00e4 on vain<br \/>\npuheoikeus. Sek\u00e4 kunnia- ett\u00e4 tuomarij\u00e4senet ovat vapaita kaikista j\u00e4senmaksuista.<br \/>\nJ\u00e4senet hyv\u00e4ksyy hakemuksesta yhdistyksen hallitus.<\/p>\n<p>S\u00e4\u00e4nt\u00f6muutosten astuttua voimaan hallitus hyv\u00e4ksyy uudet j\u00e4senet erillisell\u00e4 hakemuksella. S\u00e4\u00e4nt\u00f6muutosten astuttua voimaan vanhojen j\u00e4senien j\u00e4senyys pysyy voimassa ilman erillist\u00e4 hakemusta,<br \/>\njos j\u00e4senmaksu on maksettu er\u00e4p\u00e4iv\u00e4\u00e4n menness\u00e4. Muussa tapauksessa hallitus voi<br \/>\nerottaa j\u00e4senen. Uuden j\u00e4senen hyv\u00e4ksymisen esteen\u00e4 voivat olla samat perusteet,<br \/>\njotka ovat my\u00f6s j\u00e4senen erottamisperusteet. S\u00e4\u00e4nn\u00f6t ovat voimassa s\u00e4\u00e4nt\u00f6muutoksen<br \/>\nastuttua voimaan.<\/p>\n<p><strong>4. J\u00e4senen eroaminen ja erottaminen <\/strong><\/p>\n<p>J\u00e4senell\u00e4 on oikeus erota yhdistyksest\u00e4 ilmoittamalla siit\u00e4 kirjallisesti hallitukselle tai<br \/>\npuheenjohtajalle tai ilmoittamalla erosta yhdistyksen kokouksessa merkitt\u00e4v\u00e4ksi<br \/>\np\u00f6yt\u00e4kirjaan.<\/p>\n<p>Hallitus voi erottaa j\u00e4senen yhdistyksest\u00e4, jos j\u00e4sen on j\u00e4tt\u00e4nyt er\u00e4\u00e4ntyneen<br \/>\nj\u00e4senmaksunsa maksamatta tai muuten j\u00e4tt\u00e4nyt t\u00e4ytt\u00e4m\u00e4tt\u00e4 ne velvollisuudet, joihin<br \/>\nh\u00e4n<br \/>\non yhdistykseen liittym\u00e4ll\u00e4 sitoutunut tai on menettelyll\u00e4\u00e4n yhdistyksess\u00e4 tai sen<br \/>\nulkopuolella huomattavasti vahingoittanut yhdistyst\u00e4 tai sen mainetta, tai ei en\u00e4\u00e4 t\u00e4yt\u00e4<br \/>\nlaissa tai yhdistyksen s\u00e4\u00e4nn\u00f6iss\u00e4 mainittuja j\u00e4senyyden ehtoja. Yhdistys huomauttaa<br \/>\nj\u00e4sent\u00e4 mahdollisista erottamisperusteista. Yhdistyksen hallituksella on oikeus erottaa<br \/>\nj\u00e4sen yhdistyksest\u00e4 my\u00f6s, jos j\u00e4sen on erotettu Suomen Kennelliitto-Finska<br \/>\nKennelklubben ry:st\u00e4 tai jos henkil\u00f6ll\u00e4 on voimassa oleva el\u00e4insuojelurikos tai voimassa<br \/>\noleva muu el\u00e4inpidollinen sanktio tai on muuten toiminut yhdistyksen tarkoitusperi\u00e4<br \/>\nvastaan. Erottamiseen vaaditaan hallituksen ehdoton enemmist\u00f6. Yhdistyksest\u00e4<br \/>\neronneella tai erotetulla j\u00e4senell\u00e4 ei ole oikeutta sen varoihin.<\/p>\n<p><strong>5. Yhdistyksen maksut<\/strong><\/p>\n<p>J\u00e4senilt\u00e4 peritt\u00e4v\u00e4n liittymismaksun ja vuotuisen j\u00e4senmaksun suuruudesta p\u00e4\u00e4tt\u00e4\u00e4 yhdistyksen <i>syyskokous<\/i>.<\/p>\n<p><strong>6. Hallitus ja yhdistyksen toiminta<\/strong><\/p>\n<p>Yhdistyksen asioita hoitaa yhdistyksen syyskokouksessa valittu hallitus, johon kahdeksi<br \/>\n(2) kalenterivuodeksi kerrallaan valittavan puheenjohtajan lis\u00e4ksi kuuluu kuusi (6)<br \/>\nmuuta<br \/>\nj\u00e4sent\u00e4 ja kaksi (2) varaj\u00e4sent\u00e4. Hallituksen j\u00e4senet valitaan kahdeksi (2)<br \/>\nkalenterivuodeksi kerrallaan ja varaj\u00e4senet kalenterivuodeksi. Hallituksen j\u00e4senen\u00e4 voi<br \/>\ntoimia ainoastaan \u00e4\u00e4nivaltainen yhdistyksen j\u00e4sen.<br \/>\nHallituksen j\u00e4senist\u00e4 kolme (3) on erovuorossa vuosittain. Mik\u00e4li hallituksen j\u00e4sen joutuu<br \/>\neroamaan kesken toimikauttaan, yhdistyksen kokous valitsee h\u00e4nen tilalleen uuden<br \/>\nj\u00e4senen j\u00e4ljell\u00e4 olevaksi toimikaudeksi.<br \/>\nHallitus valitsee keskuudestaan varapuheenjohtajan sek\u00e4 ottaa keskuudestaan tai sen<br \/>\nulkopuolelta sihteerin, taloudenhoitajan sek\u00e4 muut tarvittavat toimihenkil\u00f6t v\u00e4hint\u00e4\u00e4n<br \/>\nkahdeksi (2) vuodeksi kerrallaan. Puheenjohtaja ja varapuheenjohtaja ovat erovuorossa<br \/>\nvuorovuosina. Hallitus kokoontuu puheenjohtajan tai h\u00e4nen estyneen\u00e4 ollessaan<br \/>\nvarapuheenjohtajan kutsusta, kun he katsovat siihen olevan aihetta tai kun v\u00e4hint\u00e4\u00e4n<br \/>\npuolet hallituksen j\u00e4senist\u00e4 sit\u00e4 vaatii.<br \/>\nHallitus on p\u00e4\u00e4t\u00f6svaltainen, kun puolet sen j\u00e4senist\u00e4 ja lis\u00e4ksi puheenjohtaja tai<br \/>\nvarapuheenjohtaja on l\u00e4sn\u00e4. L\u00e4sn\u00e4olo hallituksen kokouksissa on mahdollista tarpeen<br \/>\nmukaan my\u00f6s et\u00e4yhteyksin. \u00c4\u00e4nestykset lasketaan ehdottomalla enemmist\u00f6ll\u00e4. \u00c4\u00e4nten<br \/>\nmenness\u00e4 tasan ratkaisee puheenjohtajan \u00e4\u00e4ni, vaaleissa kuitenkin arpa.<br \/>\nHallitus asettaa tarpeellisen m\u00e4\u00e4r\u00e4n alaisuudessaan toimivia toimikuntia<br \/>\nvalmistelemaan<br \/>\nja hoitamaan niille annettuja teht\u00e4vi\u00e4.<\/p>\n<p>Toimikunnat ja hallitus linjaa yhdistyksen<br \/>\ntarkoitusta ja m\u00e4\u00e4rittelee ja luo tarpeellisia k\u00e4yt\u00e4nt\u00f6j\u00e4 tavoitteiden saavuttamiseksi.<br \/>\nK\u00e4yt\u00e4nn\u00f6t ja niiden muutokset on hyv\u00e4 tuoda julki j\u00e4senist\u00f6lle heti kun mahdollista ja<br \/>\nk\u00e4sitell\u00e4 j\u00e4senkokouksessa. T\u00e4llaisia ovat mm. yleiset k\u00e4yt\u00e4nn\u00f6t, pentup\u00f6rssis\u00e4\u00e4nn\u00f6st\u00f6,<br \/>\njalostusasiat, kasvattaja-asiat. S\u00e4\u00e4nt\u00f6jenmukainen p\u00e4\u00e4t\u00f6ksenteko tulee perustua<br \/>\nj\u00e4senist\u00f6n p\u00e4\u00e4t\u00f6ksiin ja se tehd\u00e4\u00e4n j\u00e4senkokouksissa.<br \/>\nYhdistys julkaisee manchesterinterrierien kasvattajalistaa. Listalla olevat kasvattajat ovat<br \/>\nsitoutuneet noudattamaan yhdistyksen asettamia s\u00e4\u00e4nt\u00f6j\u00e4 ja tekev\u00e4t yhteisty\u00f6t\u00e4<br \/>\nyhdistyksen kanssa. Kasvattajat hyv\u00e4ksyt\u00e4\u00e4n listalle seuraavin perustein: kasvattaja on<br \/>\nSuomen Manchesterinterrierit ry:n j\u00e4sen, kasvattajan tulee olla allekirjoittanut Suomen<br \/>\nKennelliiton uusi kasvattajasitoumus, kasvattajalla on FCI:n my\u00f6nt\u00e4m\u00e4 kennelnimi (sis.<br \/>\nhyv\u00e4ksytyn kasvattajan peruskurssin), Kennelliitto ei ole asettanut kasvattajalle<br \/>\nkurinpitorangaistuksia tai kasvattajalla ei ole muita tuomioita el\u00e4intenpitoa koskien.<\/p>\n<p><strong>7. Yhdistyksen nimen kirjoittaminen<\/strong><\/p>\n<p>Yhdistyksen nimen kirjoittaa hallituksen puheenjohtaja, varapuheenjohtaja, sihteeri tai taloudenhoitaja, kaksi yhdess\u00e4.<\/p>\n<p><strong>8. Tilikausi ja toiminnan tarkastus<\/strong><\/p>\n<p>Yhdistyksen tilikausi on kalenterivuosi.<\/p>\n<p>Tilinp\u00e4\u00e4t\u00f6s tarvittavine asiakirjoineen ja hallituksen vuosikertomus on annettava toiminnantarkastajille viimeist\u00e4\u00e4n kaksi viikkoa ennen kev\u00e4tkokousta. Toiminnantarkastajien tulee antaa lausuntonsa viimeist\u00e4\u00e4n viikkoa ennen kev\u00e4tkokousta hallitukselle.<\/p>\n<p><strong>9. Yhdistyksen kokoukset<\/strong><\/p>\n<p>Yhdistyksen kev\u00e4tkokous pidet\u00e4\u00e4n vuosittain hallituksen m\u00e4\u00e4r\u00e4\u00e4m\u00e4n\u00e4 p\u00e4iv\u00e4n\u00e4 maalishuhtikuussa. Yhdistyksen syyskokous pidet\u00e4\u00e4n vuosittain hallituksen m\u00e4\u00e4r\u00e4\u00e4m\u00e4n\u00e4<br \/>\np\u00e4iv\u00e4n\u00e4 loka-marraskuussa.<br \/>\nYlim\u00e4\u00e4r\u00e4inen kokous pidet\u00e4\u00e4n, kun yhdistyksen kokous niin p\u00e4\u00e4tt\u00e4\u00e4 tai kun hallitus<br \/>\nkatsoo siihen olevan aihetta tai kun v\u00e4hint\u00e4\u00e4n kymmenesosa (1\/10) yhdistyksen<br \/>\n\u00e4\u00e4nioikeutetuista j\u00e4senist\u00e4 sit\u00e4 hallitukselta erityisesti ilmoitettua asiaa varten<br \/>\nkirjallisesti<br \/>\nvaatii. Kokous on pidett\u00e4v\u00e4 kolmenkymmenen (30) vuorokauden kuluessa siit\u00e4, kun<br \/>\nvaatimus sen pit\u00e4misest\u00e4 on esitetty hallitukselle.<br \/>\nYhdistyksen kokouksiin osallistuminen ja l\u00e4sn\u00e4olo on sallittu paikan p\u00e4\u00e4ll\u00e4 ja\/tai<br \/>\nverkkoyhteydell\u00e4. Osallistumisen muodot m\u00e4\u00e4ritell\u00e4\u00e4n hallituksen toimesta erikseen<br \/>\nkunkin yhdistyksen kokouksen osalta. Osallistumisen tapojen tulee k\u00e4yd\u00e4 ilmi<br \/>\nkokouskutsusta. Mahdollisilla l\u00e4hi- ja et\u00e4osallistujilla on kokouksessa yht\u00e4l\u00e4inen<br \/>\n\u00e4\u00e4nioikeus ja p\u00e4\u00e4t\u00f6svalta. \u00c4\u00e4nestyksen toteuttamisen tapa kuvataan kokouskutsussa.<br \/>\nKutsussa m\u00e4\u00e4ritell\u00e4\u00e4n my\u00f6s et\u00e4osallistumiseen k\u00e4ytett\u00e4v\u00e4 tekninen apuv\u00e4line tai<br \/>\ntietoliikenneyhteyden alusta.<br \/>\nKokouksissa jokaisella l\u00e4sn\u00e4olevalla \u00e4\u00e4nioikeutetulla j\u00e4senell\u00e4 on yksi \u00e4\u00e4ni. \u00c4\u00e4nioikeus<br \/>\non yli 15-vuotiailla vuosi-, perhe-, nuoriso-, ainais- ja kunniaj\u00e4senill\u00e4. Tuomarij\u00e4senill\u00e4 ei<br \/>\nole \u00e4\u00e4nioikeutta. \u00c4\u00e4nioikeus edellytt\u00e4\u00e4 yhdistyksen j\u00e4senmaksun voimassaoloa<br \/>\nkokousajankohtana.<br \/>\nYhdistyksen kokouksen p\u00e4\u00e4t\u00f6kset tehd\u00e4\u00e4n yksinkertaisella \u00e4\u00e4nten enemmist\u00f6ll\u00e4.<br \/>\n\u00c4\u00e4nten<br \/>\nmenness\u00e4 tasan, ratkaistaan vaalit arvalla, mutta muissa asioissa tulee p\u00e4\u00e4t\u00f6kseksi<br \/>\nkokouksen puheenjohtajan \u00e4\u00e4ni.<\/p>\n<p><strong>10. Yhdistyksen kokouksen koolle kutsuminen<\/strong><\/p>\n<p>Hallituksen on kutsuttava yhdistyksen kokoukset koolle v\u00e4hint\u00e4\u00e4n nelj\u00e4toista (14)<br \/>\nvuorokautta ennen kokousta. Kokouskutsu sek\u00e4 esityslista julkaistaan yhdistyksen<br \/>\nverkkosivuilla ja\/tai l\u00e4hetet\u00e4\u00e4n yhdistyksen j\u00e4senist\u00f6lle s\u00e4hk\u00f6postitse.<\/p>\n<p><strong>11. Kev\u00e4tkokous<\/strong><\/p>\n<p>Yhdistyksen kev\u00e4tkokouksessa k\u00e4sitell\u00e4\u00e4n seuraavat asiat:<\/p>\n<p>1. kokouksen avaus<br \/>\n2. valitaan kokouksen puheenjohtaja, sihteeri, kaksi p\u00f6yt\u00e4kirjan tarkastajaa ja kaksi \u00e4\u00e4nten laskijaa.<br \/>\n3. todetaan kokouksen laillisuus<br \/>\n4. hyv\u00e4ksyt\u00e4\u00e4n kokouksen ty\u00f6j\u00e4rjestys<br \/>\n5. tilinp\u00e4\u00e4t\u00f6ksen ja toiminnantarkastajan lausunnon esittely<br \/>\n6. p\u00e4\u00e4tet\u00e4\u00e4n tilinp\u00e4\u00e4t\u00f6ksen vahvistamisesta ja vastuuvapauden my\u00f6nt\u00e4misest\u00e4 hallitukselle ja muille vastuuvelvollisille.<\/p>\n<p>7. esitell\u00e4\u00e4n ja vahvistetaan yhdistyksen kilpailujen tulokset<\/p>\n<p>7. hallituksen kokoukselle p\u00e4\u00e4tett\u00e4v\u00e4ksi esitt\u00e4m\u00e4t asiat.<br \/>\n8. k\u00e4sitell\u00e4\u00e4n muut kokouskutsussa mainitut asiat.<br \/>\n9. keskustellaan muista esille nousevista asioista.<\/p>\n<p>Mik\u00e4li yhdistyksen j\u00e4sen haluaa saada jonkin asian yhdistyksen kev\u00e4tkokouksen k\u00e4sitelt\u00e4v\u00e4ksi, h\u00e4nen on ilmoitettava siit\u00e4 kirjallisesti hallitukselle niin hyviss\u00e4 ajoin, ett\u00e4 asia voidaan sis\u00e4llytt\u00e4\u00e4 kokouskutsuun.<\/p>\n<p><strong>12. Syyskokous<\/strong><\/p>\n<p>Yhdistyksen syyskokouksessa k\u00e4sitell\u00e4\u00e4n seuraavat asiat:<\/p>\n<p>1. kokouksen avaus<br \/>\n2. valitaan kokouksen puheenjohtaja, sihteeri, kaksi p\u00f6yt\u00e4kirjan tarkastajaa ja kaksi \u00e4\u00e4nten laskijaa.<br \/>\n3. todetaan kokouksen laillisuus.<br \/>\n4. hyv\u00e4ksyt\u00e4\u00e4n kokouksen ty\u00f6j\u00e4rjestys.<br \/>\n5.Toimintasuunnitelman esittely ja hyv\u00e4ksyminen tulevalle toimikaudelle<br \/>\n6.Talousarvion esittely ja hyv\u00e4ksyminen tulevalle toimikaudelle<br \/>\n7. liittymis- ja j\u00e4senmaksujen suuruuden m\u00e4\u00e4r\u00e4\u00e4minen seuraavalle kalenterivuodelle.<\/p>\n<p>8. Hallituksen puheenjohtajan vaali (vuorovuosin)<\/p>\n<p>9. hallituksen muiden j\u00e4senten sek\u00e4 varaj\u00e4senten vaali erovuorossa olevien tilalle<\/p>\n<p>10.. hallituksen mahdollisesti esitt\u00e4minen toimikuntien j\u00e4senten vaali.<br \/>\n10. valitaan toiminnantarkastaja ja h\u00e4nelle varahenkil\u00f6.<br \/>\n11. hallituksen kokoukselle p\u00e4\u00e4tett\u00e4v\u00e4ksi esitt\u00e4m\u00e4t asiat.<br \/>\n12. k\u00e4sitell\u00e4\u00e4n muut kokouskutsussa mainitut asiat.<br \/>\n13. keskustellaan muista esille nousevista aiheista.<\/p>\n<p>Mik\u00e4li yhdistyksen j\u00e4sen haluaa saada jonkin asian yhdistyksen kev\u00e4tkokouksen<br \/>\nk\u00e4sitelt\u00e4v\u00e4ksi, h\u00e4nen on ilmoitettava siit\u00e4 kirjallisesti hallitukselle niin hyviss\u00e4 ajoin, ett\u00e4<br \/>\nasia voidaan sis\u00e4llytt\u00e4\u00e4 kokouskutsuun.<\/p>\n<p><strong>13. S\u00e4\u00e4nt\u00f6jen muuttaminen ja yhdistyksen purkaminen<\/strong><\/p>\n<p>P\u00e4\u00e4t\u00f6s s\u00e4\u00e4nt\u00f6jen muuttamisesta ja yhdistyksen purkamisesta on teht\u00e4v\u00e4 yhdistyksen kokouksessa v\u00e4hint\u00e4\u00e4n kolmen nelj\u00e4sosan (\u00be) enemmist\u00f6ll\u00e4 annetuista \u00e4\u00e4nist\u00e4.<\/p>\n<p>Kokouskutsussa on mainittava s\u00e4\u00e4nt\u00f6jen muuttamisesta tai yhdistyksen purkamisesta.<\/p>\n<p>Yhdistyksen purkautuessa yhdistyksen varat k\u00e4ytet\u00e4\u00e4n yhdistyksen tarkoituksen edist\u00e4miseen purkamisesta p\u00e4\u00e4tt\u00e4v\u00e4n kokouksen m\u00e4\u00e4r\u00e4\u00e4m\u00e4ll\u00e4 tavalla. Yhdistyksen tullessa lakkautetuksi, sen varat k\u00e4ytet\u00e4\u00e4n samaan tarkoitukseen.<\/p>\n<p><i>S\u00e4\u00e4nn\u00f6t on rekister\u00f6ity Patentti- ja rekisterihallituksessa 20.10.2017.<\/i><\/p>\n<p><em>S\u00e4\u00e4nt\u00f6muu<\/em><em>t<\/em><em>okset ovat astuneet voimaan 21.03.2026<\/em><\/p>\n","protected":false},"excerpt":{"rendered":"<p>Suomen Manchesterinterrierit ry s\u00e4\u00e4nn\u00f6t 1. Yhdistyksen nimi ja kotipaikka Yhdistyksen nimi on Suomen Manchesterinterrierit ry ja sen kotipaikka on Jyv\u00e4skyl\u00e4 ja toimintakieli suomi. 2. Tarkoitus ja toiminnan laatu Yhdistyksen tarkoituksena on Suomen Kennelliitto ry:n, Suomen Terrierij\u00e4rjest\u00f6 ry:n ja Keski-Suomen Kennelpiiri &hellip; <a href=\"https:\/\/www.manssi.net\/wordpress\/saannot-2014-alkaen\/\">Lue loppuun <span class=\"meta-nav\">&rarr;<\/span><\/a><\/p>\n","protected":false},"author":9,"featured_media":0,"parent":0,"menu_order":0,"comment_status":"closed","ping_status":"closed","template":"","meta":[],"_links":{"self":[{"href":"https:\/\/www.manssi.net\/wordpress\/wp-json\/wp\/v2\/pages\/1178"}],"collection":[{"href":"https:\/\/www.manssi.net\/wordpress\/wp-json\/wp\/v2\/pages"}],"about":[{"href":"https:\/\/www.manssi.net\/wordpress\/wp-json\/wp\/v2\/types\/page"}],"author":[{"embeddable":true,"href":"https:\/\/www.manssi.net\/wordpress\/wp-json\/wp\/v2\/users\/9"}],"replies":[{"embeddable":true,"href":"https:\/\/www.manssi.net\/wordpress\/wp-json\/wp\/v2\/comments?post=1178"}],"version-history":[{"count":9,"href":"https:\/\/www.manssi.net\/wordpress\/wp-json\/wp\/v2\/pages\/1178\/revisions"}],"predecessor-version":[{"id":3904,"href":"https:\/\/www.manssi.net\/wordpress\/wp-json\/wp\/v2\/pages\/1178\/revisions\/3904"}],"wp:attachment":[{"href":"https:\/\/www.manssi.net\/wordpress\/wp-json\/wp\/v2\/media?parent=1178"}],"curies":[{"name":"wp","href":"https:\/\/api.w.org\/{rel}","templated":true}]}}