{"id":1208,"date":"2014-03-18T16:44:29","date_gmt":"2014-03-18T13:44:29","guid":{"rendered":"http:\/\/www.manssi.net\/?page_id=1208"},"modified":"2021-05-12T23:59:46","modified_gmt":"2021-05-12T20:59:46","slug":"kilpailutulokset","status":"publish","type":"page","link":"https:\/\/www.manssi.net\/wordpress\/kilpailutulokset\/","title":{"rendered":"Kilpailutulokset"},"content":{"rendered":"<p>Vuoden 2020 menestyneimm\u00e4t harrastusmanssit ovat nyt selvill\u00e4! Koirakot palkitaan maaliskuussa yhdistyksen kev\u00e4tkokouksessa.<\/p>\n<p>Suomen Manchesterinterrierit ry onnittelee menestyneit\u00e4 koirakoita! Kiitokset kaikille kilpailuihin osallistuneille!<\/p>\n<p><span style=\"text-decoration: underline;\"><strong>Vuoden Agilitykoira \/ Intopalleron Cup<\/strong><\/span><\/p>\n<p><strong>1. Rockstyle&#8217;s Clean Run &#8221;Rune&#8221;<\/strong>, 131 p. Omistaja Rantio Tiina<\/p>\n<p>2. Black Manter&#8217;s Californian Girl Just For Me &#8221;Grace&#8221;, 53 p. Omistaja Hituri P\u00e4ivi<br \/>\n3. Hannula Renholms Pepita I Panama &#8221;Prada&#8221;, 48 p. Omistaja Hituri P\u00e4ivi<\/p>\n<p><span style=\"text-decoration: underline;\"><strong>Vuoden Agilitytulokas \/ Rockstyle&#8217;s Cup<\/strong><\/span><\/p>\n<p><strong>1. Black Manter&#8217;s Californian Girl Just For Me &#8221;Grace&#8221;<\/strong>, 53 p.Omistaja Hituri P\u00e4ivi<\/p>\n<p><strong><span style=\"text-decoration: underline;\">Vuoden Rally-Tokokoira \/ Black Manter&#8217;s Cup<\/span><\/strong><\/p>\n<p><strong>1. Bonwild Rock On &#8221;Eevi&#8221;<\/strong>, 38 p. Omistaja Krans Essi<\/p>\n<p>2. Sunwood&#8217;s Baroness &#8221;Akka&#8221;, 20 p. Omistaja Liikaluoma Rita<br \/>\n3. Ukkosakan Padatar &#8221;Tyty&#8221;, 2,5 p. Omistaja Liikaluoma Rita<\/p>\n<p><strong><span style=\"text-decoration: underline;\">Vuoden Tokokoira \/ Kimblewick Cup<br \/>\n<\/span><br \/>\n<\/strong>Ei osanottajia vuonna 2020.<\/p>\n<p><span style=\"text-decoration: underline;\"><strong>Vuoden n\u00e4yttelykoira \/ Hilmanter&#8217;s Cup<\/strong><\/span><\/p>\n<p><strong>1. Rattustrap Englands Own &#8221;Onni&#8221;<\/strong>, 60 p. Omistaja Hituri P\u00e4ivi ja Virta Timo<\/p>\n<p>2. Millhouse&#8217;s New Black &#8221;Fabio&#8221;, 56 p. Omistajat Kotro Tanja ja Myllyl\u00e4 Salla<\/p>\n<p>3. Sunwood&#8217;s Baroness &#8221;Akka&#8221;, 50 p. Omistaja Liikaluoma Rita<br \/>\n4. Ukkosakan Rakastettu Rinsessa &#8221;Lily&#8221;, 16 p. Omistaja Liikaluoma Rita<br \/>\n5. Fairymist Black Sparkler &#8221;Sinna&#8221;, 6 p. Omistajat Rautio Riitta, Thure Emmi ja Liikaluoma Rita<\/p>\n<p><span style=\"text-decoration: underline;\"><strong>Vuoden n\u00e4yttelyveteraani \/ Ukkosakan Cup<\/strong><\/span><\/p>\n<p><strong>1. Sunwood&#8217;s Baroness &#8221;Akka&#8221;<\/strong>, 69 p. Omistaja Liikaluoma Rita<\/p>\n<p>2. Rattustrap Englands Own &#8221;Onni&#8221;, 64 p. Omistaja Hituri P\u00e4ivi ja Virta Timo<\/p>\n<p><span style=\"text-decoration: underline;\"><strong>Vuoden kasvattaja<\/strong><\/span><\/p>\n<p><strong>1. Kennel Rockstyle&#8217;s \/ Rautio Riitta<\/strong>, 75 p.<span style=\"text-decoration: underline;\"><strong><br \/>\n<\/strong><\/span><\/p>\n<p>2. Kennel Black Manter&#8217;s \/ P\u00e4ivi Hituri, 52 p.<br \/>\n3. Kennel Ukkosakan \/ Rita Liikaluoma, 18 p.<\/p>\n<h2><strong>TerriEri 2020 tulokset<\/strong><\/h2>\n<p><span style=\"text-decoration: underline;\"><strong>Tyburn Cup <\/strong><\/span>&#8211; ROP-manssi<\/p>\n<p><strong>Ainiaan Ah Kuinka Aurinkoinen<\/strong>, omistajat Kauppinen Satu ja Aaltokoski Mirva<\/p>\n<p><span style=\"text-decoration: underline;\"><strong>Titan Pytty <\/strong><\/span>&#8211; VSP-manssi<\/p>\n<p><strong>Rattustrap Englands Own<\/strong>, omistajat Hituri P\u00e4ivi ja Virta Timo<\/p>\n<p><span style=\"text-decoration: underline;\"><strong>Valloittava Veteraani Cup <\/strong><\/span>&#8211; ROP-veteraani<\/p>\n<p><strong>Rattustrap Englands Own<\/strong>, omistajat Hituri P\u00e4ivi ja Virta Timo<\/p>\n<p><span style=\"text-decoration: underline;\"><strong>Verraton Veteraani Cup <\/strong><\/span>&#8211; VSP-veteraani<\/p>\n<p><strong>Ruska-Ahon Oikea Missien Missi<\/strong>, omistaja Joonas Partanen<\/p>\n<p><span style=\"text-decoration: underline;\"><strong>Hannula Renholms Junior Cup <\/strong><\/span><span style=\"text-decoration: underline;\"><strong>&#8211; <\/strong><\/span>\u00a0junioriluokan paras uros<\/p>\n<p><strong>Manterrs Dreaming Of The Future<\/strong>, omistaja Aaltokoski Mirva<\/p>\n<p><span style=\"text-decoration: underline;\"><strong>Hannula Renholms Junior Cup <\/strong><\/span><span style=\"text-decoration: underline;\"><strong>&#8211; <\/strong><\/span>\u00a0junioriluokan paras narttu<\/p>\n<p><strong>Bonwild TNT<\/strong>, omistaja Laitinen Sari<\/p>\n<p><span style=\"text-decoration: underline;\"><strong>Hannula Renholms Cup <\/strong><\/span><span style=\"text-decoration: underline;\"><strong>&#8211; <\/strong><\/span>nuorten luokan paras uros<\/p>\n<p><strong>Millhouse&#8217;s Nocturne<\/strong>, omistaja Kyyts\u00f6nen Janita<\/p>\n<p><span style=\"text-decoration: underline;\"><strong>Onnen Tullen Cup &#8211; <\/strong><\/span>nuorten luokan paras narttu<\/p>\n<p><strong>Eaglespur Hannah<\/strong>, Kotro Tanja<\/p>\n<div class=\"text_exposed_show\"><\/div>\n<p style=\"text-align: center;\">______________________________________________________<\/p>\n<p>Menneet tulokset: <a href=\"https:\/\/www.manssi.net\/wordpress\/kilpailutulokset\/tulokset-2019\/\">2019<\/a>\u00a0| <a href=\"https:\/\/www.manssi.net\/wordpress\/kilpailutulokset\/3121-2\/\">2018<\/a>\u00a0| <a href=\"https:\/\/www.manssi.net\/wordpress\/kilpailutulokset\/2908-2\/\">2017<\/a> | <a href=\"https:\/\/www.manssi.net\/wordpress\/kilpailutulokset\/tulokset-2016-2\/\">2016<\/a> | <a title=\"Vuoden koirat 2015\" href=\"https:\/\/www.manssi.net\/wordpress\/kilpailutulokset\/2015-2\/\">2015<\/a> | <a href=\"https:\/\/www.manssi.net\/wordpress\/kilpailutulokset\/tulokset-2014\/\">2014<\/a> |\u00a0<a title=\"Vuoden koirat 2013\" href=\"https:\/\/www.manssi.net\/wordpress\/tulokset-2013\/\">2013<\/a><\/p>\n","protected":false},"excerpt":{"rendered":"<p>Vuoden 2020 menestyneimm\u00e4t harrastusmanssit ovat nyt selvill\u00e4! Koirakot palkitaan maaliskuussa yhdistyksen kev\u00e4tkokouksessa. Suomen Manchesterinterrierit ry onnittelee menestyneit\u00e4 koirakoita! Kiitokset kaikille kilpailuihin osallistuneille! Vuoden Agilitykoira \/ Intopalleron Cup 1. Rockstyle&#8217;s Clean Run &#8221;Rune&#8221;, 131 p. Omistaja Rantio Tiina 2. Black Manter&#8217;s &hellip; <a href=\"https:\/\/www.manssi.net\/wordpress\/kilpailutulokset\/\">Lue loppuun <span class=\"meta-nav\">&rarr;<\/span><\/a><\/p>\n","protected":false},"author":7622,"featured_media":0,"parent":0,"menu_order":0,"comment_status":"closed","ping_status":"closed","template":"","meta":[],"_links":{"self":[{"href":"https:\/\/www.manssi.net\/wordpress\/wp-json\/wp\/v2\/pages\/1208"}],"collection":[{"href":"https:\/\/www.manssi.net\/wordpress\/wp-json\/wp\/v2\/pages"}],"about":[{"href":"https:\/\/www.manssi.net\/wordpress\/wp-json\/wp\/v2\/types\/page"}],"author":[{"embeddable":true,"href":"https:\/\/www.manssi.net\/wordpress\/wp-json\/wp\/v2\/users\/7622"}],"replies":[{"embeddable":true,"href":"https:\/\/www.manssi.net\/wordpress\/wp-json\/wp\/v2\/comments?post=1208"}],"version-history":[{"count":48,"href":"https:\/\/www.manssi.net\/wordpress\/wp-json\/wp\/v2\/pages\/1208\/revisions"}],"predecessor-version":[{"id":3334,"href":"https:\/\/www.manssi.net\/wordpress\/wp-json\/wp\/v2\/pages\/1208\/revisions\/3334"}],"wp:attachment":[{"href":"https:\/\/www.manssi.net\/wordpress\/wp-json\/wp\/v2\/media?parent=1208"}],"curies":[{"name":"wp","href":"https:\/\/api.w.org\/{rel}","templated":true}]}}