{"id":2851,"date":"2018-12-27T14:02:28","date_gmt":"2018-12-27T11:02:28","guid":{"rendered":"http:\/\/www.manssi.net\/?page_id=2851"},"modified":"2018-12-27T14:21:05","modified_gmt":"2018-12-27T11:21:05","slug":"onnen-tullen-cup","status":"publish","type":"page","link":"https:\/\/www.manssi.net\/wordpress\/kilpailut\/onnen-tullen-cup\/","title":{"rendered":"Onnen Tullen Cup"},"content":{"rendered":"<p>Jaettavaksi jokavuotisen Terri-Erin ryhm\u00e4n\u00e4yttelyss\u00e4 nuortenluokan parhaalle manchesterinterrierinartulle.<\/p>\n<p>Palkinto on kiertopalkinto ja voittajan omistaja tai haltija on velvollinen huolehtimaan siit\u00e4, ett\u00e4 palkinto on k\u00e4sill\u00e4 seuraavankin vuoden n\u00e4yttelyss\u00e4.<\/p>\n<p>Kiertopalkinnon on luovuttanut Tuija Kiljunen \/ Kennel Onnen Tullen elokuun 20. p\u00e4iv\u00e4 2018.<\/p>\n","protected":false},"excerpt":{"rendered":"<p>Jaettavaksi jokavuotisen Terri-Erin ryhm\u00e4n\u00e4yttelyss\u00e4 nuortenluokan parhaalle manchesterinterrierinartulle. Palkinto on kiertopalkinto ja voittajan omistaja tai haltija on velvollinen huolehtimaan siit\u00e4, ett\u00e4 palkinto on k\u00e4sill\u00e4 seuraavankin vuoden n\u00e4yttelyss\u00e4. Kiertopalkinnon on luovuttanut Tuija Kiljunen \/ Kennel Onnen Tullen elokuun 20. p\u00e4iv\u00e4 2018.<\/p>\n","protected":false},"author":7622,"featured_media":0,"parent":953,"menu_order":0,"comment_status":"closed","ping_status":"closed","template":"","meta":[],"_links":{"self":[{"href":"https:\/\/www.manssi.net\/wordpress\/wp-json\/wp\/v2\/pages\/2851"}],"collection":[{"href":"https:\/\/www.manssi.net\/wordpress\/wp-json\/wp\/v2\/pages"}],"about":[{"href":"https:\/\/www.manssi.net\/wordpress\/wp-json\/wp\/v2\/types\/page"}],"author":[{"embeddable":true,"href":"https:\/\/www.manssi.net\/wordpress\/wp-json\/wp\/v2\/users\/7622"}],"replies":[{"embeddable":true,"href":"https:\/\/www.manssi.net\/wordpress\/wp-json\/wp\/v2\/comments?post=2851"}],"version-history":[{"count":3,"href":"https:\/\/www.manssi.net\/wordpress\/wp-json\/wp\/v2\/pages\/2851\/revisions"}],"predecessor-version":[{"id":2858,"href":"https:\/\/www.manssi.net\/wordpress\/wp-json\/wp\/v2\/pages\/2851\/revisions\/2858"}],"up":[{"embeddable":true,"href":"https:\/\/www.manssi.net\/wordpress\/wp-json\/wp\/v2\/pages\/953"}],"wp:attachment":[{"href":"https:\/\/www.manssi.net\/wordpress\/wp-json\/wp\/v2\/media?parent=2851"}],"curies":[{"name":"wp","href":"https:\/\/api.w.org\/{rel}","templated":true}]}}