{"id":3141,"date":"2020-02-04T01:50:07","date_gmt":"2020-02-03T22:50:07","guid":{"rendered":"http:\/\/www.manssi.net\/?page_id=3141"},"modified":"2020-02-04T14:21:33","modified_gmt":"2020-02-04T11:21:33","slug":"hannula-renholms-junior-cup","status":"publish","type":"page","link":"https:\/\/www.manssi.net\/wordpress\/kilpailut\/hannula-renholms-junior-cup\/","title":{"rendered":"Hannula Renholms Junior Cup"},"content":{"rendered":"\n<p>Terrierien erikoisn\u00e4yttelyss\u00e4 jaettavat kiertopalkinnot sek\u00e4 urosten ett\u00e4 narttujen junioriluokan parhaimmalle manchesterinterrierille.<\/p>\n\n\n\n<p>Palkinnot ovat kiertopalkintoja ja voittajien omistajat ovat velvollisia huolehtimaan siit\u00e4, ett\u00e4 palkinnot ovat jaettavissa seuraavankin vuoden n\u00e4yttelyss\u00e4.<\/p>\n\n\n\n<p>Palkinnot ovat yhdistykselle luovuttanut TerriEriss\u00e4 24.8.2019 Kristina Paul, Kennel Hannula Renholms.<\/p>\n","protected":false},"excerpt":{"rendered":"<p>Terrierien erikoisn\u00e4yttelyss\u00e4 jaettavat kiertopalkinnot sek\u00e4 urosten ett\u00e4 narttujen junioriluokan parhaimmalle manchesterinterrierille. Palkinnot ovat kiertopalkintoja ja voittajien omistajat ovat velvollisia huolehtimaan siit\u00e4, ett\u00e4 palkinnot ovat jaettavissa seuraavankin vuoden n\u00e4yttelyss\u00e4. Palkinnot ovat yhdistykselle luovuttanut TerriEriss\u00e4 24.8.2019 Kristina Paul, Kennel Hannula Renholms.<\/p>\n","protected":false},"author":7622,"featured_media":0,"parent":953,"menu_order":0,"comment_status":"closed","ping_status":"closed","template":"","meta":[],"_links":{"self":[{"href":"https:\/\/www.manssi.net\/wordpress\/wp-json\/wp\/v2\/pages\/3141"}],"collection":[{"href":"https:\/\/www.manssi.net\/wordpress\/wp-json\/wp\/v2\/pages"}],"about":[{"href":"https:\/\/www.manssi.net\/wordpress\/wp-json\/wp\/v2\/types\/page"}],"author":[{"embeddable":true,"href":"https:\/\/www.manssi.net\/wordpress\/wp-json\/wp\/v2\/users\/7622"}],"replies":[{"embeddable":true,"href":"https:\/\/www.manssi.net\/wordpress\/wp-json\/wp\/v2\/comments?post=3141"}],"version-history":[{"count":2,"href":"https:\/\/www.manssi.net\/wordpress\/wp-json\/wp\/v2\/pages\/3141\/revisions"}],"predecessor-version":[{"id":3151,"href":"https:\/\/www.manssi.net\/wordpress\/wp-json\/wp\/v2\/pages\/3141\/revisions\/3151"}],"up":[{"embeddable":true,"href":"https:\/\/www.manssi.net\/wordpress\/wp-json\/wp\/v2\/pages\/953"}],"wp:attachment":[{"href":"https:\/\/www.manssi.net\/wordpress\/wp-json\/wp\/v2\/media?parent=3141"}],"curies":[{"name":"wp","href":"https:\/\/api.w.org\/{rel}","templated":true}]}}