{"id":346,"date":"2012-02-02T01:28:43","date_gmt":"2012-02-01T23:28:43","guid":{"rendered":"http:\/\/www.manssi.net\/wordpress\/?page_id=346"},"modified":"2019-06-18T11:39:07","modified_gmt":"2019-06-18T08:39:07","slug":"nayttelyt","status":"publish","type":"page","link":"https:\/\/www.manssi.net\/wordpress\/nayttelyt\/","title":{"rendered":"N\u00e4yttelyt"},"content":{"rendered":"<p style=\"text-align: center;\"><strong><a href=\"https:\/\/www.manssi.net\/wordpress\/wp-content\/uploads\/2012\/02\/suurleiri-2010-2-095.jpeg\"><img decoding=\"async\" loading=\"lazy\" class=\" wp-image-531 aligncenter\" title=\"Dottie \/ Pihla-Ottilia Wala\" alt=\"\" src=\"https:\/\/www.manssi.net\/wordpress\/wp-content\/uploads\/2012\/02\/suurleiri-2010-2-095.jpeg\" width=\"558\" height=\"374\" srcset=\"https:\/\/www.manssi.net\/wordpress\/wp-content\/uploads\/2012\/02\/suurleiri-2010-2-095.jpeg 930w, https:\/\/www.manssi.net\/wordpress\/wp-content\/uploads\/2012\/02\/suurleiri-2010-2-095-300x200.jpg 300w, https:\/\/www.manssi.net\/wordpress\/wp-content\/uploads\/2012\/02\/suurleiri-2010-2-095-447x300.jpg 447w\" sizes=\"(max-width: 558px) 100vw, 558px\" \/><\/a><\/strong><\/p>\n<p><strong>Manssitulokset<\/strong> l\u00f6yd\u00e4t\u00a0<a href=\"http:\/\/jalostus.kennelliitto.fi\/frmNayttelyt.aspx?R=71&amp;A=2012\" target=\"_blank\">KoiraNetist\u00e4<\/a>.<br \/>\nSuomen Kennelliiton tapahtumakalenteriin, josta l\u00f6ytyv\u00e4t vuoden aikana j\u00e4rjestett\u00e4v\u00e4t n\u00e4yttelyt ja muut tapahtumat, p\u00e4\u00e4set <strong><\/strong><a href=\"https:\/\/omakoira.kennelliitto.fi\/tapahtumakalenteri\/frmTapahtumakalenteri.aspx\" target=\"_blank\">t\u00e4st\u00e4<\/a>.<\/p>\n<p><strong>N\u00e4yttelylyhenteit\u00e4<\/strong><\/p>\n<div>Koiran\u00e4yttelyt vilisev\u00e4t erilaisia lyhenteit\u00e4: jokaiselle luokalle, laatupalkinnolle, tittelille ja kisalle on omat lyhenteens\u00e4.<br \/>\nLyhenteit\u00e4 k\u00e4ytet\u00e4\u00e4n arvostelukaavakkeissa sek\u00e4 ilmoitettaessa koiran tuloksia esimerkiksi rotulehdiss\u00e4 tai nettisivuilla.<\/div>\n<p><em><br \/>\nLuokkien lyhenteet<\/em><\/p>\n<p>PEK = pentujen kilpailuluokka<br \/>\nJUN = junioriluokka<br \/>\nJUK = junioriluokan kilpailuluokka<br \/>\nNUO = nuortenluokka<br \/>\nNUK = nuortenluokan kilpailuluokka<br \/>\nAVO = avoin luokka<br \/>\nAVK = avoimen luokan kilpailuluokka<br \/>\nVAL = valioluokka<br \/>\nVAK = valioluokan kilpailuluokka<br \/>\nVET = veteraani luokka<br \/>\nVEK = veteraaniluokan kilpailuluokka<br \/>\nKAS = kasvattajaluokka<br \/>\nKAK = kasvattajaluokan kilpailuluokka<\/p>\n<p><em>Laatuarvostelu, lyhenteet ja nauhojen v\u00e4rit<br \/>\n<\/em><br \/>\nERI = erinomainen (punainen)<br \/>\nEH = eritt\u00e4in hyv\u00e4 (sininen)<br \/>\nH = hyv\u00e4 (keltainen)<br \/>\nT = tyydytt\u00e4v\u00e4 (vihre\u00e4)<br \/>\nHYL = hylk\u00e4\u00e4v\u00e4 (harmaa) annetaan koiralle, joka ei rakenteeltaan tai k\u00e4yt\u00f6kselt\u00e4\u00e4n vastaa rotum\u00e4\u00e4ritelm\u00e4\u00e4 tai se on selv\u00e4sti vihainen.<br \/>\nEVA = ei voida arvostella (ruskea) t\u00e4m\u00e4 maininta annetaan koiralle, jonka liikkeit\u00e4 on mahdoton arvostella tai joka jatkuvasti v\u00e4lttelee tuomarin k\u00e4sittely\u00e4 ja tekee mahdottomaksi tarkistaa purenta tms.<\/p>\n<p>sertifikaatin arvoinen (SA) = vaaleanpunainen<\/p>\n<p><em>Kilpailuluokissa ja ryhm\u00e4kilpailuissa sijoituksia osoittavat v\u00e4rit<\/em><\/p>\n<p>1 = punainen<br \/>\n2 = sininen<br \/>\n3 = keltainen<br \/>\n4 = vihre\u00e4<\/p>\n<p>KP = kunniapalkinto (lila) voidaan jakaa pentu- ja kasvattajaluokissa<br \/>\nSERT = sertifikaatti (sini-valkoinen)<br \/>\nVASERT = varasertifikaatti (vaaleansininen)<br \/>\nCACIB = \u201dkansainv\u00e4linen sertifikaatti\u201d, joita tarvitaan kansainv\u00e4lisen muotovalion arvoon (valkoinen)<br \/>\nVACA = vara-CACIB (oranssi)<br \/>\nMVA = muotovalio (puna-vihre\u00e4)<\/p>\n<p>PU = paras uros (PU-1 = paras uros, PU-2 = toiseksi paras uros jne.)<br \/>\nPN = paras narttu<br \/>\nROP = rotunsa paras (puna-keltainen)<br \/>\nVSP = vastakkaisen sukupuolen paras (vihre\u00e4-valkoinen)<br \/>\nRYP-1, RYP-2, RYP-3, RYP-4 = sijoitus ryhm\u00e4kilpailussa.<br \/>\nBIS-1, BIS-2, BIS-3, BIS-4 = sijoitus n\u00e4yttelyn kauneimman koiran Best in Shown valinnassa<\/p>\n<p>Veteraani ja kasvattajakisoistakin k\u00e4ytet\u00e4\u00e4n lyhenteit\u00e4 BIS, per\u00e4\u00e4n lis\u00e4t\u00e4\u00e4n lyhenne BIS-VET tai BIS-KAS osoittamaan, mit\u00e4 kilpailua tarkoitetaan. Esim. BIS-VET 1, BIS-VET 2 jne.<\/p>\n<p><em>Tittelilyhenteet<\/em><\/p>\n<p>Koirien rekisterinimien eteen lis\u00e4t\u00e4\u00e4n sen mahdolliset valio- ja\/tai voittajatittelit.<\/p>\n<p>MVA = muotovalion arvo, MVA:n eteen lis\u00e4t\u00e4\u00e4n sen maan tunnus, jonka muotovalio koira on. Esim. Suomen muotovalio on FIN MVA, Ruotsin S MVA.<br \/>\nKANS MVA = kansainv\u00e4linen muotovalio<br \/>\nKVA = k\u00e4ytt\u00f6valion arvo. T\u00e4h\u00e4n eteen lis\u00e4t\u00e4\u00e4n maatunnus, esim. FIN KVA on Suomen k\u00e4ytt\u00f6valio, S KVA Ruotsin k\u00e4ytt\u00f6valio.<br \/>\nJVA = j\u00e4ljest\u00e4misvalion arvo<br \/>\nTVA= tottelevaisuusvalion arvo<br \/>\nVPVA = vesipelastusvalion arvo<br \/>\nAVA = agilityvalion arvo<\/p>\n<p>(l\u00e4hde: <a href=\"http:\/\/www.kennelliitto.fi\/FI\/toiminta\/nayttelyt\/nlynaakkoset.htm\" target=\"_blank\">Koiran\u00e4yttelyn aakkoset \/ Kennelliitto<\/a>)<\/p>\n","protected":false},"excerpt":{"rendered":"<p>Manssitulokset l\u00f6yd\u00e4t\u00a0KoiraNetist\u00e4. Suomen Kennelliiton tapahtumakalenteriin, josta l\u00f6ytyv\u00e4t vuoden aikana j\u00e4rjestett\u00e4v\u00e4t n\u00e4yttelyt ja muut tapahtumat, p\u00e4\u00e4set t\u00e4st\u00e4. N\u00e4yttelylyhenteit\u00e4 Koiran\u00e4yttelyt vilisev\u00e4t erilaisia lyhenteit\u00e4: jokaiselle luokalle, laatupalkinnolle, tittelille ja kisalle on omat lyhenteens\u00e4. Lyhenteit\u00e4 k\u00e4ytet\u00e4\u00e4n arvostelukaavakkeissa sek\u00e4 ilmoitettaessa koiran tuloksia esimerkiksi rotulehdiss\u00e4 tai &hellip; <a href=\"https:\/\/www.manssi.net\/wordpress\/nayttelyt\/\">Lue loppuun <span class=\"meta-nav\">&rarr;<\/span><\/a><\/p>\n","protected":false},"author":1,"featured_media":0,"parent":0,"menu_order":0,"comment_status":"closed","ping_status":"closed","template":"showcase.php","meta":[],"_links":{"self":[{"href":"https:\/\/www.manssi.net\/wordpress\/wp-json\/wp\/v2\/pages\/346"}],"collection":[{"href":"https:\/\/www.manssi.net\/wordpress\/wp-json\/wp\/v2\/pages"}],"about":[{"href":"https:\/\/www.manssi.net\/wordpress\/wp-json\/wp\/v2\/types\/page"}],"author":[{"embeddable":true,"href":"https:\/\/www.manssi.net\/wordpress\/wp-json\/wp\/v2\/users\/1"}],"replies":[{"embeddable":true,"href":"https:\/\/www.manssi.net\/wordpress\/wp-json\/wp\/v2\/comments?post=346"}],"version-history":[{"count":15,"href":"https:\/\/www.manssi.net\/wordpress\/wp-json\/wp\/v2\/pages\/346\/revisions"}],"predecessor-version":[{"id":2989,"href":"https:\/\/www.manssi.net\/wordpress\/wp-json\/wp\/v2\/pages\/346\/revisions\/2989"}],"wp:attachment":[{"href":"https:\/\/www.manssi.net\/wordpress\/wp-json\/wp\/v2\/media?parent=346"}],"curies":[{"name":"wp","href":"https:\/\/api.w.org\/{rel}","templated":true}]}}