{"id":45,"date":"2012-01-21T19:31:53","date_gmt":"2012-01-21T17:31:53","guid":{"rendered":"http:\/\/www.manssi.net\/wordpress\/?page_id=45"},"modified":"2024-01-25T10:26:59","modified_gmt":"2024-01-25T07:26:59","slug":"toimikunnat","status":"publish","type":"page","link":"https:\/\/www.manssi.net\/wordpress\/toimikunnat\/","title":{"rendered":"Toimikunnat 2024"},"content":{"rendered":"<p><strong>J\u00c4SEN:<\/strong> Osallistu toimikuntien kautta manssiasioihin matalalla kynnyksell\u00e4! Yhdistys etsii toimikaudella 2024 lis\u00e4\u00e4 innokkaita j\u00e4seni\u00e4 toimikuntiin. Toimikuntien keskin\u00e4ist\u00e4 yhteydenpitoa yll\u00e4pidet\u00e4\u00e4n p\u00e4\u00e4asiassa Facebookin ryhmiss\u00e4. Ilmoitathan kiinnostuksestasi joko kunkin toimikunnan s\u00e4hk\u00f6postiin tai osoitteeseen smt.hallitus@gmail.com tai yhdistyksen Facebook-sivun kautta.<\/p>\n<p><strong>Jalostustoimikunta<\/strong><br \/>\n<a title=\"Jalostustoimikunta\" href=\"https:\/\/www.manssi.net\/wordpress\/jalostustoimikunta-2\/\">Katso Jalostustoimikunnan oma sivu<\/a><\/p>\n<p><strong>Tapahtumatoimikunta<\/strong><\/p>\n<p>Tapahtumatoimikunnan tavoittaa osoitteesta <a href=\"mailto:smt.tapahtumat@gmail.com\">smt.tapahtumat@gmail.com<\/a>.<\/p>\n<p>Tapahtumatoimikunta ideoi, suunnittelee ja j\u00e4rjest\u00e4\u00e4 tapahtumia manssiv\u00e4elle.\u00a0 Toimikunnalla on oma ryhm\u00e4 Facebookissa, johon jokainen j\u00e4sen on tervetullut mukaan. Mit\u00e4 enemm\u00e4n on aktiiveja, sit\u00e4 paremmin tapahtumia voidaan j\u00e4rjest\u00e4\u00e4.<\/p>\n<p><strong>Viestint\u00e4toimikunta<\/strong><\/p>\n<p>Viestint\u00e4toimikunnan tavoittaa osoitteesta <a href=\"mailto:smt.viestinta@gmail.com\">smt.viestinta@gmail.com<\/a>.<\/p>\n<p>Terrilifen manssipalsta &#8211; yhteyshenkil\u00f6 Tanja Kotro<\/p>\n<ul>\n<li>L\u00e4het\u00e4 materiaalia palstaa varten osoitteeseen <a href=\"mailto:smt.viestinta@gmail.com\">smt.viestinta@gmail.com<\/a>.<\/li>\n<\/ul>\n<p>Viestint\u00e4toimikunnassa ideoidaan mm. Manssi-lehden sis\u00e4lt\u00f6\u00e4. Toimikunnalla on oma ryhm\u00e4 Facebookissa, mihin jokainen yhdistyksen j\u00e4sen on tervetullut mukaan. Ryhm\u00e4\u00e4n liittyminen ei edellyt\u00e4, ett\u00e4 juttuja tarvitsee kirjoittaa, my\u00f6s ajatuksia ja ideoita voi tulla jakamaan.<\/p>\n","protected":false},"excerpt":{"rendered":"<p>J\u00c4SEN: Osallistu toimikuntien kautta manssiasioihin matalalla kynnyksell\u00e4! Yhdistys etsii toimikaudella 2024 lis\u00e4\u00e4 innokkaita j\u00e4seni\u00e4 toimikuntiin. Toimikuntien keskin\u00e4ist\u00e4 yhteydenpitoa yll\u00e4pidet\u00e4\u00e4n p\u00e4\u00e4asiassa Facebookin ryhmiss\u00e4. Ilmoitathan kiinnostuksestasi joko kunkin toimikunnan s\u00e4hk\u00f6postiin tai osoitteeseen smt.hallitus@gmail.com tai yhdistyksen Facebook-sivun kautta. Jalostustoimikunta Katso Jalostustoimikunnan oma sivu &hellip; <a href=\"https:\/\/www.manssi.net\/wordpress\/toimikunnat\/\">Lue loppuun <span class=\"meta-nav\">&rarr;<\/span><\/a><\/p>\n","protected":false},"author":1,"featured_media":0,"parent":0,"menu_order":0,"comment_status":"closed","ping_status":"closed","template":"showcase.php","meta":[],"_links":{"self":[{"href":"https:\/\/www.manssi.net\/wordpress\/wp-json\/wp\/v2\/pages\/45"}],"collection":[{"href":"https:\/\/www.manssi.net\/wordpress\/wp-json\/wp\/v2\/pages"}],"about":[{"href":"https:\/\/www.manssi.net\/wordpress\/wp-json\/wp\/v2\/types\/page"}],"author":[{"embeddable":true,"href":"https:\/\/www.manssi.net\/wordpress\/wp-json\/wp\/v2\/users\/1"}],"replies":[{"embeddable":true,"href":"https:\/\/www.manssi.net\/wordpress\/wp-json\/wp\/v2\/comments?post=45"}],"version-history":[{"count":53,"href":"https:\/\/www.manssi.net\/wordpress\/wp-json\/wp\/v2\/pages\/45\/revisions"}],"predecessor-version":[{"id":3671,"href":"https:\/\/www.manssi.net\/wordpress\/wp-json\/wp\/v2\/pages\/45\/revisions\/3671"}],"wp:attachment":[{"href":"https:\/\/www.manssi.net\/wordpress\/wp-json\/wp\/v2\/media?parent=45"}],"curies":[{"name":"wp","href":"https:\/\/api.w.org\/{rel}","templated":true}]}}